usands digit of 18968377?
9
What is the tens digit of 79895?
9
What is the hundreds digit of 203628?
6
What is the units digit of 1532069?
9
What is the hundred thousands digit of 7283482?
2
What is the hundred thousands digit of 3556644?
5
What is the tens digit of 180324?
2
What is the units digit of 14594743?
3
What is the tens digit of 1196605?
0
What is the thousands digit of 698239?
8
What is the millions digit of 9944904?
9
What is the millions digit of 6382804?
6
What is the hundred thousands digit of 823101?
8
What is the units digit of 13022838?
8
What is the tens digit of 1278849?
4
What is the tens digit of 308124?
2
What is the ten thousands digit of 11203916?
0
What is the tens digit of 5788923?
2
What is the units digit of 1775714?
4
What is the thousands digit of 2942423?
2
What is the hundred thousands digit of 400685?
4
What is the ten thousands digit of 214593?
1
What is the thousands digit of 13204148?
4
What is the units digit of 38336?
6
What is the millions digit of 2038808?
2
What is the hundreds digit of 4766918?
9
What is the ten thousands digit of 1039952?
3
What is the tens digit of 4099179?
7
What is the hundreds digit of 372268?
2
What is the thousands digit of 1359358?
9
What is the tens digit of 183094?
9
What is the millions digit of 2468823?
2
What is the hundreds digit of 342572?
5
What is the hundred thousands digit of 738390?
7
What is the ten millions digit of 10234099?
1
What is the hundreds digit of 1075173?
1
What is the ten thousands digit of 114904?
1
What is the tens digit of 859494?
9
What is the units digit of 2550719?
9
What is the thousands digit of 1350646?
0
What is the ten thousands digit of 2272931?
7
What is the thousands digit of 11083826?
3
What is the ten thousands digit of 626283?
2
What is the thousands digit of 19094494?
4
What is the units digit of 56095?
5
What is the ten thousands digit of 121029?
2
What is the hundreds digit of 348165?
1
What is the units digit of 479862?
2
What is the thousands digit of 3641624?
1
What is the thousands digit of 254907?
4
What is the hundred thousands digit of 837065?
8
What is the hundreds digit of 130309?
3
What is the tens digit of 9860359?
5
What is the hundreds digit of 64485?
4
What is the tens digit of 181928?
2
What is the hundred thousands digit of 1343060?
3
What is the units digit of 1848049?
9
What is the hundreds digit of 246280?
2
What is the ten thousands digit of 7486850?
8
What is the hundred thousands digit of 3604272?
6
What is the hundred thousands digit of 417061?
4
What is the millions digit of 3221741?
3
What is the thousands digit of 3432188?
2
What is the tens digit of 11686063?
6
What is the units digit of 4736914?
4
What is the ten thousands digit of 5332670?
3
What is the tens digit of 1961523?
2
What is the millions digit of 8597652?
8
What is the ten thousands digit of 30172?
3
What is the hundreds digit of 335998?
9
What is the units digit of 115011?
1
What is the ten thousands digit of 364826?
6
What is the ten thousands digit of 34587271?
8
What is the hundreds digit of 504463?
4
What is the ten thousands digit of 3450604?
5
What is the units digit of 52561?
1
What is the thousands digit of 164115?
4
What is the hundred thousands digit of 2838830?
8
What is the ten thousands digit of 9678015?
7
What is the hundreds digit of 359614?
6
What is the thousands digit of 141140?
1
What is the ten thousands digit of 241190?
4
What is the ten thousands digit of 6597488?
9
What is the hundreds digit of 94806?
8
What is the tens digit of 309690?
9
What is the units digit of 3213547?
7
What is the hundred thousands digit of 4772769?
7
What is the tens digit of 6036?
3
What is the tens digit of 853258?
5
What is the hundred thousands digit of 2732094?
7
What is the ten thousands digit of 262322?
6
What is the thousands digit of 93140?
3
What is the thousands digit of 331461?
1
What is the hundreds digit of 411265?
2
What is the millions digit of 3478126?
3
What is the ten thousands digit of 153964?
5
What is the thousands digit of 17474237?
4
What is the millions digit of 7094169?
7
What is the hundreds digit of 436936?
9
What is the thousands digit of 19383974?
3
What is the hundreds digit of 283847?
8
What is the ten thousands digit of 779863?
7
What is the tens digit of 1891991?
9
What is the hundreds digit of 11612434?
4
What is the hundreds digit of 2214185?
1
What is the hundred thousands digit of 659841?
6
What is the millions digit of 4675212?
4
What is the units digit of 9533842?
2
What is the tens digit of 8592479?
7
What is the ten thousands digit of 126650?
2
What is the hundreds digit of 4791963?
9
What is the thousands digit of 2705155?
5
What is the ten thousands digit of 218645?
1
What is the tens digit of 8010248?
4
What is the hundred thousands digit of 764686?
7
What is the units digit of 510640?
0
What is the tens digit of 2478473?
7
What is the tens digit of 47435?
3
What is the thousands digit of 502598?
2
What is the hundreds digit of 228533?
5
What is the thousands digit of 154238?
4
What is the ten thousands digit of 1549633?
4
What is the hundred thousands digit of 1656043?
6
What is the thousands digit of 1856075?
6
What is the units digit of 920627?
7
What is the units digit of 419450?
0
What is the units digit of 13448467?
7
What is the tens digit of 197447?
4
What is the millions digit of 8655537?
8
What is the tens digit of 5091507?
0
What is the hundreds digit of 1210806?
8
What is the hundred thousands digit of 21565152?
5
What is the units digit of 1026242?
2
What is the tens digit of 2865460?
6
What is the thousands digit of 6316302?
6
What is the thousands digit of 943249?
3
What is the units digit of 7239015?
5
What is the thousands digit of 189360?
9
What is the hundreds digit of 189690?
6
What is the hundred thousands digit of 1145190?
1
What is the hundreds digit of 36770?
7
What is the units digit of 468846?
6
What is the millions digit of 6064947?
6
What is the units digit of 2254659?
9
What is the hundred thousands digit of 257135?
2
What is the hundreds digit of 2584251?
2
What is the hundreds digit of 9839962?
9
What is the hundreds digit of 5098089?
0
What is the tens digit of 1127890?
9
What is the hundreds digit of 400421?
4
What is the units digit of 27427129?
9
What is the units digit of 19211166?
6
What is the units digit of 4579435?
5
What is the units digit of 237839?
9
What is the units digit of 3926672?
2
What is the hundred thousands digit of 1156870?
1
What is the ten thousands digit of 1214052?
1
What is the hundred thousands digit of 545159?
5
What is the units digit of 117799?
9
What is the ten thousands digit of 1959302?
5
What is the ten thousands digit of 419598?
1
What is the thousands digit of 10317465?
7
What is the thousands digit of 2270957?
0
What is the units digit of 1836750?
0
What is the hundreds digit of 21296380?
3
What is the ten thousands digit of 333536?
3
What is the ten thousands digit of 572732?
7
What is the tens digit of 72731?
3
What is the units digit of 35668099?
9
What is the ten thousands digit of 2020055?
2
What is the ten thousands digit of 539793?
3
What is the units digit of 3994390?
0
What is the thousands digit of 12207703?
7
What is the units digit of 5050388?
8
What is the thousands digit of 75124?
5
What is the tens digit of 264667?
6
What is the units digit of 200083?
3
What is the units digit of 443305?
5
What is the hundred thousands digit of 608835?
6
What is the ten thousands digit of 100099?
0
What is the hundred thousands digit of 11648993?
6
What is the units digit of 851539?
9
What is the hundreds digit of 784069?
0
What is the tens digit of 1205034?
3
What is the ten thousands digit of 4119277?
1
What is the hundreds digit of 338146?
1
What is the tens digit of 1745574?
7
What is the hundreds digit of 123197?
1
What is the hundred thousands digit of 15572359?
5
What is the hundreds digit of 43052?
0
What is the hundred thousands digit of 939169?
9
What is the ten thousands digit of 78400?
7
What is the units digit of 13382394?
4
What is the units digit of 86863?
3
What is the hundred thousands digit of 182101?
1
What is the ten thousands digit of 317927?
1
What is the tens digit of 935271?
7
What is the hundred thousan